8
Suppose -4*t = -4*q + 24, 0 = -0*t - 5*t + 10. Suppose -12 = -5*l + q. What is the units digit of l?
4
Let j = -3 + 4. What is the units digit of 3/1 - j - -1?
3
Suppose 3*r = 3*j + 429, 3*r - 5*j - 419 = -4*j. What is the hundreds digit of r?
1
Let b(w) = 5*w**2 - w. What is the tens digit of b(2)?
1
Suppose 5*a - 28 = a. Let s(h) = -h**2 + 8*h - 5. Let t be s(a). What is the units digit of (5 - 6)/(t/(-12))?
6
Suppose -4*i - 2*f + 6 = 0, i + i - 5*f + 15 = 0. What is the units digit of i - 0 - (-1 + 0)?
1
Let o(j) = -3*j - 4. Let g = -10 - -6. What is the units digit of o(g)?
8
Let i = 9 - 4. Suppose 2*s + 0*j = -i*j + 21, 0 = -5*s - 4*j + 44. What is the units digit of s?
8
Suppose -2*a = -d + 2*a + 63, a = -4. What is the units digit of d?
7
Suppose -3*t + k + 110 = 0, -4*t - 4*k + 166 = 46. What is the units digit of t?
5
Suppose 0 = -3*q + 15. Suppose 36 + 0 = 2*b - q*r, r + 90 = 4*b. What is the tens digit of b?
2
Suppose 35 = f + 4*f. What is the units digit of (f - 13)*(-2)/6?
2
Suppose 4*o = 398 + 98. What is the tens digit of o?
2
Suppose -5*x = -t - 34, 4*x - 34 = -t - 5. Suppose x = j - 10. What is the units digit of j?
7
Let h = -11 + 13. What is the units digit of (-6)/h + -4 + 15?
8
Let l(x) = -x**3 + 4*x**2 + 3*x + 7. Let p be l(5). Let s be (-102)/p + (1 - 1). Suppose 0 = -4*k + s + 6. What is the units digit of k?
0
Let c = 9 - 4. Suppose c*t - 53 - 27 = 0. What is the units digit of t?
6
Let i = 32 - 18. Let s be -2 - i/(-1) - 0. What is the units digit of 3 + -5 - -1*s?
0
Let h = 43 + -25. Let i = h - 8. Let s = i - 6. What is the units digit of s?
4
Let s(b) = b - 4. Let i be s(0). Let q = i - -4. Suppose -l + 4 + 0 = q. What is the units digit of l?
4
Suppose 10*m - 15 = 5*m. Suppose 3*d = 2*d - 4, -m*r = 2*d - 40. What is the units digit of r?
6
Let w(z) = -z**2 + 10. Let s be w(0). Let f = 3 + -8. What is the units digit of 2/f - (-64)/s?
6
Suppose 3*o - 4*s - 13 = 5, 0 = -2*s + 6. Suppose 0 = -x + o. What is the units digit of x?
0
Suppose -74 = x + 14. What is the units digit of 2/(-11) + (-104)/x?
1
Suppose 145 = 3*q + 2*q. What is the tens digit of q?
2
Suppose 3*d = -17 + 2, 0 = -5*s + 5*d + 25. Suppose x = -2*j + 5, 5*x + 0*x - j - 36 = s. What is the units digit of x?
7
Suppose -408 = -5*j + 4*g, j - g - 34 - 47 = 0. What is the tens digit of j?
8
Let c(a) = 3*a**2 - 2*a + 5. Let z(s) = s**2 - s + 1. Let h(i) = -c(i) + 4*z(i). What is the units digit of h(-5)?
4
Suppose 5*i - 1 = -f + 7, -4*i = -4. Suppose 2*h - 7 = f. What is the units digit of h?
5
Let w be (1 - 3)*(-3 - 9). Suppose 2 = 2*b - 2. Suppose -b*g = -w + 8. What is the units digit of g?
8
Suppose -2*m - 278 = -5*l, 2*m - 208 = -4*l - 0*m. What is the tens digit of l?
5
Let o = -59 - -129. Suppose 2*x - 65 = -5*g, -5*g + 0*x - 3*x + o = 0. What is the units digit of g?
1
Suppose 3*z - d - 7 = 0, 0 = -z + 4*z - 5*d - 11. Let m = 3 + -1. Suppose -x = -0*x + m*r - 7, z*x - 17 = -r. What is the units digit of x?
9
Suppose -4*z - 4*i = -3*i + 651, 639 = -4*z + 3*i. Let r = -114 - z. What is the tens digit of r?
4
Let n = -2 - -4. Suppose 0 = q - n*s + 1, -q + 5*s = 20 - 7. What is the units digit of q?
7
Suppose 4*w = 211 + 185. What is the units digit of w?
9
Let h be -2 + -3 + 3/3. Let l = h + 5. What is the units digit of l?
1
Let j be (2 + (0 - 3))*2. Let b(o) = 4*o + 1. Let g be b(3). Let d = j + g. What is the tens digit of d?
1
Let z = -59 - -102. Suppose 2*u - 57 = z. What is the units digit of u?
0
Let u = -20 - -8. Let x = u - -28. What is the units digit of x?
6
What is the units digit of 0 + (-198)/(-3) + 1?
7
Let l(c) = 5*c - 9. Let f(r) be the first derivative of r**2/2 - r - 2. Let n(k) = -6*f(k) + l(k). What is the units digit of n(-9)?
6
Suppose -21*x + 23*x - 114 = 0. What is the units digit of x?
7
Let v(a) = -a**2 - 3*a + 4. Let j be v(2). What is the units digit of (27 - -1)*j/(-4)?
2
Let d be -5*3/(1*-3). Let c be ((-4)/d)/((-1)/(-10)). Let i = -2 - c. What is the units digit of i?
6
Let z = 4 + -7. What is the units digit of z/(5/((-195)/9))?
3
Suppose -r + 85 = n + 2*n, -5*r + 48 = 2*n. What is the units digit of n?
9
Let b(x) = -x**2 - x + 8. Suppose 0 = -5*z + 3 + 12. Suppose z*y = -0*y. What is the units digit of b(y)?
8
Suppose 5*x = 49 + 16. What is the tens digit of x?
1
Let g = 3 - -3. Let l(u) = u**2 + 4*u - 1. Let a be l(-4). What is the units digit of 1/(7/g + a)?
6
Suppose -w = -5*k - 26, 52 = 5*w - 3*k + 4*k. What is the units digit of w?
1
Suppose 0 = -7*q + 3*q - 2*d + 10, -2*d = q - 7. Let y(a) = -a - 12. Let m be y(-11). Let c = q - m. What is the units digit of c?
2
Let i be (-1 + (-2)/(-4))*0. Let t(a) = 3*a**2 - 2*a + 1. Let c be t(1). Let k = c + i. What is the units digit of k?
2
What is the tens digit of -2*(-4 + 2 - 14)?
3
Suppose -x + 2*p + 0*p = -119, 0 = -2*p + 10. What is the hundreds digit of x?
1
Suppose 2*u + 36 = -2*u. Let t = -8 - u. Suppose -2*k - 5*a = -10 + t, -4*k + 45 = a. What is the units digit of k?
2
Suppose -4*f + 252 = -2*w - 128, 0 = 3*w. What is the tens digit of f?
9
Let d(c) = 5*c**2 + 7. Let w(q) = -6*q**2 - q - 8. Let t(g) = 5*d(g) + 4*w(g). Let n be t(4). Suppose m = n + 3. What is the units digit of m?
6
Let v(k) = -12*k + 1. Suppose 4*c = 55 + 41. Let x be (-14)/12 + 4/c. What is the tens digit of v(x)?
1
Let i(z) = -z - 2. Let n be i(-6). Let v = -5 + n. What is the units digit of -2 + 2 - (0 + v)?
1
Let x = 86 - -14. What is the hundreds digit of x?
1
Let n be (0 - 0) + -5 + 5. Let m(y) = y**2 + 3*y + 2. Let d be m(-4). Suppose n = -0*f - 2*f + d. What is the units digit of f?
3
Let m be (-45)/(-6)*(-2)/3. Let y(t) = t**2 + 2*t. What is the tens digit of y(m)?
1
Let r = 3 - 6. Let n(a) be the second derivative of a**4/12 - a**3/6 - a**2 + 7*a. What is the units digit of n(r)?
0
Let k be 3*-1 - (-3 - -1). Let g = k - -2. What is the units digit of 0 - g - 0 - -2?
1
Let k be (-12)/(-16) - (-9)/4. Suppose k*g - 2*g + 95 = 3*q, 0 = -q + 3*g + 45. Suppose q = -2*n + 4*n - 5*c, -16 = -4*n - c. What is the units digit of n?
5
Suppose -7 = 3*p + 5. Let c(i) = -4*i - 5. Let m be c(p). Suppose f = -1, -4*f = j + 2*j - m. What is the units digit of j?
5
Let q = 6 - 2. Let o = 28 - q. What is the tens digit of o?
2
Let c = 3 - 7. Suppose -27 = r + 2*r. Let x = c - r. What is the units digit of x?
5
Let u(t) = t - 2. Let z be u(-3). What is the units digit of 30/z*(-10)/12?
5
Let f(y) = 4*y - 5. Let k be f(6). Suppose 2*j + 6 = 0, z - 2*j - 2 = k. What is the units digit of z?
5
What is the tens digit of 2*1 + 130/2?
6
Let k be (-45)/(-6)*(-48)/(-15). Let a be (-1)/(9/k)*-3. What is the units digit of (a/(-3))/(4/(-6))?
4
Let x = -6 - -27. Let y = 21 + x. Let q = y + -23. What is the units digit of q?
9
Suppose 0 = -4*j + 51 + 141. Suppose 3*f + j = 7*f. Suppose 3*x + n = 2*n + f, 4*x - 4*n = 24. What is the units digit of x?
3
Suppose 0 = -26*u + 27*u - 59. What is the tens digit of u?
5
Suppose 5*g - 3*g - 80 = 0. What is the tens digit of g?
4
Let d be (-13)/(-2*3/12). Suppose -89 - d = -5*q. What is the units digit of q?
3
Suppose 4*p - 3*z = -5*z + 632, 2*p = -5*z + 308. What is the hundreds digit of p?
1
Suppose j - 3*v + 11 = 3*j, 5*j + 3*v = 14. What is the units digit of (1 - 5) + 25/j?
1
Let d be (0 + 4/10)*5. Suppose w + d = 6. What is the units digit of w?
4
Let f(n) = 0*n**2 + 5*n**2 - 2 + 2*n + n**3 - n**2. Let s(d) = -d**2 + 10*d - 2. Let z be s(10). What is the units digit of f(z)?
2
Let k = -10 + 18. What is the units digit of k?
8
Suppose -5*p + 0*p - 10 = 0. Let l be p/(-3) + 2/(-3). Let u = l - -5. What is the units digit of u?
5
Suppose 0 = 6*c - 4*c - 5*n - 14, c = -3*n - 4. Let m(y) = -y**3 + 2*y**2 + 2*y + 1. What is the units digit of m(c)?
5
Let z(b) be the first derivative of b**4/12 - b**3 - 3*b**2/2 + 2*b - 2. Let i(s) be the first derivative of z(s). What is the units digit of i(7)?
4
Suppose -w + 4*w - 76 = 4*p, -4*w + 5*p + 100 = 0. Suppose i = x - i + 4, -w = -4*i. What is the units digit of x?
6
Let j(u) = -u**2 + 2*u - 5. Let w be j(4). Let z be (-2)/8 - w/4. Suppose -6 = -g + z. What is the units digit of g?
9
Let q(x) = x**2 + 7*x - 1. Let l = -18 + 10. What is the units digit of q(l)?
7
Suppose 5*k - 1514 = 3*r + r, 3*k + 2*r - 904 = 0. What is th